uate -1 + (-1 + -2 - -9).
5
What is 19 - 20 - (-1 - (-2 + 1))?
-1
Calculate -7 - (3 - 7 - 0).
-3
-2 - -2 - (2 - (7 + -1))
4
Evaluate -16 + 11 + -6 + 3.
-8
Calculate -4 + 5 + (3 - 3) + -2.
-1
Calculate -46 + 50 + (0 - 1).
3
What is the value of -68 - -83 - (-2 - -7)?
10
3 + -6 + 2 + (-2 - -4)
1
Evaluate (-1 - -5) + -50 + 46.
0
Evaluate -6 - (-11 - (-7 + 0)).
-2
Calculate (8 - (-6 - -11)) + 0 - 6.
-3
Evaluate 0 + 1 + -6 - -5.
0
0 - (4 + (-5 - (6 - 3)))
4
Evaluate 1 + (2 - 6) + 2.
-1
What is the value of -14 - -6 - -7 - -7?
6
Calculate (3 - (3 - -3)) + (9 - 8).
-2
Calculate (-2 + 2 - -1) + (1 - 5).
-3
What is the value of 0 + 0 + (8 - 0)?
8
What is -8 + (8 - 4) - (19 - 15)?
-8
((-7 - -13) + -13 - -10) + 5
8
What is the value of (2 - 5) + 3 + -4 + 4?
0
Calculate -2 - (-8 + (6 - (7 - 3))).
4
Calculate 3 - 0 - (36 - 29).
-4
What is -1 - -6 - 12 - -6?
-1
Evaluate -6 - (5 - (-5 + 3) - 8).
-5
Calculate 4 - (-8 - (-6 - 4)).
2
(-3 - 4) + -8 + 10
-5
Evaluate 8 - (-6 + 5 + -1) - 6.
4
What is the value of -1 + 11 + (176 - 176)?
10
-7 + 1 + 8 + (10 - 14)
-2
Calculate -1 + 12 + 3 + -9.
5
What is (-1 - (1 + -6)) + (-1 - 0)?
3
What is 10 + -7 + -2 + 1?
2
What is the value of -2 - (-5 - -4) - 4?
-5
What is 1 + -8 - (10 - (7 + 12))?
2
Evaluate (0 - -14) + (-18 - -11).
7
Evaluate (-8 - (-19 + 13)) + 0.
-2
Evaluate 3 + 3 + -4 + -6.
-4
What is the value of -2 + 4 - (0 + (-1 - -7))?
-4
-8 - -2 - (-2 - -6)
-10
Evaluate 12 + (-19 + -7 - -11).
-3
-2 + (11 - 0 - 2) + -3
4
What is the value of 0 + -3 - -11 - (13 + -9)?
4
-12 + 6 + -3 - -7
-2
12 + -4 - (2 - -1)
5
(2 - 2) + -5 + -5
-10
What is the value of (13 - 12) + 3 - -2?
6
(3 - 0) + -19 + 22 - 0
6
Evaluate -9 - (-5 - -1) - (-2 + -1).
-2
-2 - (-4 + -1 - (23 + -28))
-2
-4 + (-7 - -2 - -8) + 0
-1
-1 + 2 + (-3 - 0 - 0)
-2
What is the value of 1 + -5 + 6 + 2?
4
What is 1 + -1 + (1 - 1)?
0
(6 - (-9 + 5) - 0) + -6
4
What is 1 - (-2 - (1 + -3))?
1
Evaluate 1 + -4 + 2 + -3 + 2.
-2
Evaluate 3 + 1 + -7 + 3 - 4.
-4
What is the value of (14 + -10 - 11) + -2 + 1?
-8
Evaluate 0 + (-3 - 1) - -6.
2
Calculate -4 - -3 - (4 + 2) - -4.
-3
What is the value of -4 + (-6 - -14) + (0 - 0)?
4
Evaluate (2 + -4 + 0 - -5) + -6.
-3
Evaluate -6 + 7 - ((-2 - -2) + -1).
2
Calculate -15 - (3 + -5) - -7.
-6
What is the value of (-3 + 7 - 4) + (1 - 5)?
-4
Calculate (-1 - (-3 - -7)) + -2.
-7
Evaluate 5 - (1 + (-3 + -3 - -1)).
9
Calculate 5 - (2 - (-1 - -3)).
5
-9 + (-12 - -29) - 12
-4
-2 + 0 - (8 + (7 - 17))
0
(1 - (-4 + 1)) + (-1 - -2)
5
1 - 2 - (-1 - -2)
-2
-10 + -1 - (74 - 88)
3
What is the value of 1 - -10 - (22 - 19)?
8
Calculate -2 - (3 - 3) - (47 - 50).
1
6 + -5 + 3 + -6
-2
What is -4 - (0 - 3 - (1 - -4))?
4
Calculate 0 + -11 - (22 - 26).
-7
3 - (-1 + 5 + -3)
2
Evaluate -29 + 26 + -2 + 13.
8
-5 - -7 - (-1 - -4 - 3)
2
Evaluate -1 - (-1 + 5 + -2).
-3
Calculate 2 + 2 - (-4 + 3 + 4).
1
Evaluate (3 - 1) + -4 + 0 + 0.
-2
What is -6 - (-3 + -6) - (5 + -2)?
0
Evaluate (2 - 3 - (-8 + 3)) + -5.
-1
What is -7 + (3 + -1 - (40 + -37))?
-8
Evaluate -3 - (-5 + 5 + -7).
4
What is 1 + 12 + -20 + 8?
1
What is the value of 2 + -8 + -4 + 8 - -1?
-1
-9 + (2 - 2) + 9
0
Calculate (-140 - -138) + (10 - 1).
7
1 + -4 - (31 + -32)
-2
(3 - (3 - (1 - 2))) + 1
0
What is the value of (-6 - -5) + (8 - 10)?
-3
Calculate -2 + (7 - 2) + -1 - -1.
3
Calculate -5 + -3 + 2 + 1 + 2.
-3
Evaluate (-13 - (11 + -20)) + 0 + 5.
1
Evaluate 3 - (5 + -5 + -2).
5
Evaluate 2 + (3 - (-6 + 4)).
7
Evaluate -9 - -2 - -2 - (-26 + 27).
-6
What is the value of -6 + 14 - -6 - 11?
3
Evaluate -1 + (-3 - (-3 - -3)).
-4
Calculate -2 + (3 - ((3 - 6) + 7)).
-3
Calculate (-1 - -3) + -29 + 32.
5
What is (8 - 9 - 3) + 1 + -4?
-7
What is 1 + -4 - (15 + -15)?
-3
Calculate 3 + (9 + -16 - (2 + 0)).
-6
Calculate -10 + 13 + -5 - -5.
3
19 - 27 - (-1 + -3 + -1)
-3
What is the value of -2 - 1 - (4 + -10)?
3
Calculate (-4 - (-4 + 7)) + 2 - -6.
1
What is the value of (-2 - -6) + 25 + -36?
-7
7 - (0 + 5 + 6 + -9)
5
(-4 + -2 - -3) + -2 + 1
-4
What is 9 + (0 - 10) - (0 - -5)?
-6
What is -1 + 0 + 0 + 5?
4
-12 - -9 - (0 + 0)
-3
What is the value of -1 + -5 + 95 + -94?
-5
Calculate (-10 - 6) + -1 + 11.
-6
-8 + (-3 - -7) + 8
4
What is -3 - ((0 - 0) + (-19 - -17))?
-1
Evaluate 19 - (6 - -3) - 9.
1
Evaluate 0 + (0 - (1 + -1)).
0
Evaluate 6 - (-7 + 24) - -8.
-3
What is 2 + 0 + -20 + 16?
-2
What is (2 - 5) + -2 + 2?
-3
What is (-4 - (-1 - (0 - -4))) + 0?
1
Evaluate -11 + (2 - -3 - -1).
-5
28 - 16 - (1 - -18)
-7
What is 4 + (1 + -2 - 2)?
1
What is the value of -31 + (3 - -6) - -15?
-7
Calculate -6 + (7 - 4) - -5.
2
What is -4 - -6 - (0 + 0)?
2
What is 4 + (-5 - (-1 - 1))?
1
What is -8 + (6 - (2 + 3 + -2))?
-5
Evaluate -3 - (0 - -7 - (-3 + 7)).
-6
-12 + (4 - (-2 - 9))
3
3 + (0 - (-2 - (-4 - 0)))
1
What is the value of 4 + (-1 - 5) + 4 + 0?
2
Calculate -1 + -6 + (24 - 23).
-6
55 + -45 - (17 - 1)
-6
What is 2 - (-5 + 7 + -4) - 8?
-4
What is (-4 - -5) + (3 - (2 + 6))?
-4
Calculate -8 - (-6 + (-8 - (-4 - 12))).
-10
2 - ((-5 - -3) + (-2 - -4))
2
Calculate (-11 - (-13 + 7)) + 10.
5
7 + -3 + 0 + (-3 - -3)
4
What is the value of (3 - -1) + (6 - (-8 + 13))?
5
What is the value of (1 + -3 - -8) + -2?
4
What is the value of -3 + 1 + 0 + -2?
-4
Calculate 15 - (10 + 1 + -1).
5
Calculate -7 + 10 - (4 + 2).
-3
(4 - 0) + (0 - (2 - -2))
0
What is the value of 66 + -52 + -14 + 4?
4
Evaluate -7 - (-5 + -4 + 12 + -5).
-5
4 + -8 + 1 + -1
-4
4 + -2 - (-5 - -11)
-4
Calculate -3 + 12 + -7 + 5.
7
Evaluate 2 - ((-6 - -3) + 4).
1
Evaluate (0 - -5) + (52 - 62).
-5
Evaluate (-1 - 3) + (24 - 19).
1
What is -16 + 19 - (1 - (2 - 2))?
2
Calculate (1 + 4 - 10) + (-6 - -17).
6
Calculate (-2 - -4 - 0) + 8 + -9.
1
What is 4 - (3 - -4) - -3 - 0?
0
Calculate (-11 - -11 - -4) + 1.
5
Evaluate -7 + -1 + -2 + 4 - -5.
-1
What is (3 - 5 - (4 + -1)) + 2?
-3
Evaluate 79 - 71 - (0 - -8).
0
What is the value of -2 + 0 + -9 + 5?
-6
Evaluate 3 - (-4 + 3) - (0 + 3).
1
What is the value of -2 - (-6 + -5) - 5?
4
Calculate -6 - ((-4 - -2) + -2) - -7.
5
11 - (5 - (-9 + 11))
8
Calculate 4 + -2 + -8 + 11.
5
What is the value of 2 + (-7 - -3) + (-11 - -10)?
-3
(-11 - (-17 + 8)) + -1 + 2
-1
Evaluate -1 - (3 - 4) - (1 + 2).
-3
What is the value of 3 + -5 + 1 + (1 - -1)?
1
Calculate -4 + 1 - (-6 + 5).
-2
2 + -11 + (14 - 5)
0
Evaluate (2 - 2 - -2) + (56 - 64).
-6
12 - (-6 + (-4 + 19 - 3))
6
Calculate -7 + (-7 - 0 - (-2 + -4)).
-8
What is 0 + -3 + 1 + (8 - 2)?
4
Evaluate (7 - 18 - -3) + 7.
-1
2 + (0 - -1) + -2
1
What is -20 + (24 - (17 - 5))?
-8
3 + (-6 + -5 - (-4 - -1))
-5
What is 2 + 3 - 8 - -1?
-2
(0 - ((-3 - -6) + 1)) + 3
-1
What is the value of -7 + (7 - (7 + -5)) - -5?
3
What is the value of (0 - 4) + 2 - -5?
3
0 - (2 - 0 - (81 - 80))
-1
Calculate 2 - (-2 + 5 + -6).
5
3 - (0 - (-3 + 2)) - 6
-4
Calculate (19 - 20) + 1 + -6.
-6
What is the value of 4 - (6 - (0 + 0)) - 0?
-2
What is -1 + -1 + -5 + 10 + 1?
4
-2 + (-6 - (-4 - -3)) + 2
-5
Calculate 0 + 4 + -4 + -4.
-4
What is -4 - -2 - (-8 + 5 + 4)?
-3
Evaluate 8 - (-3 - -13) - (1 + 2).
-5
Evaluate (-4 - 0 - 0) + 2 - -1.
-1
-2 - 3 - (-6 - (-7 + 4))
-2
What is 22 + -13 + (-12 - 4)?
-7
What is the value of -2 + 5 - (2 - -3)?
-2
Calculate (1 - -10) + -10 + 1.
2
Evaluate 27 + -29 - (0 - -4).
-6
What is (1 - 7) + (-35 - -44)?
3
What is the value of (4 - -5 - 9) + (4 - -2)?
6
What is 0 - (4 + (2 - 3))?
-3
Calculate 8 + (-7 - 2 - -2).
1
Calculate (-7 - 2) + -45 + 56.
2
Evaluate 10 + (5 - 11 - 1).
3
What is 4 + (-1 - 6) - -1?
-2
4 + (-3 - 1) + 2 + -2
0
What is the value of (-52 - -44) + 1 + 7?
0
-5 - -4 - (5 + -4 + -4)
2
Calculate -4 - (0 - -3 - 12).
5
Evaluate 83 - 82 - (0 - 4).
5
What is the value of 12 + -3 + (-20 - -6)?
-5
Calculate -7 - (-2 - 4 - -5).
-6
(4 - 5) + -4 + 1
-4
Calculate -1 - 1 - 6 - (-31 - -29).
-6
What is -19 + 8 - (0 - 7)?
-4
-10 - (4 - 27) - (-5 - -8)
10
-9 + 6 + 2 + 3 + -2
0
What is 0 - (1 + (-4 + 3 - 3))?
3
Evaluate 6 + -8 - (2 - 2).
-2
-1 + -6 - 0 - (-1 - 1)
-5
18 + -11 + 2 + -9
0
What is 5 + (-2 + 7 + -6 - 1)?
3
(-4 - -3 - 1) + (2 - 3)
-3
-2 - (-6 - (-3 + 1))
2
-7 - (1 + -5 + (43 - 39))
-7
Calculate 6 - (2 + 2 + -5) - 2.
5
What is the value of (-3 - -4) + 1 - -1?
3
Calculate 0 + -1 + 1 + -68 + 63.
-5
What is the value of -3 + 2 + -2 - (2 + -4)?
-1
What is (-6 - 0) + -3 - -13?
4
Evaluate (-1 - (11 + 5)) + 9.
-8
-143 - -145 - ((0 